**3. Let f be v(-3). What is the highest common divisor of 9 and f?
9
Let i be (12 + (-170)/4)/((-1)/2). What is the highest common divisor of i and 671?
61
Let a be 1/1*(-24 - -31). What is the greatest common divisor of a and 11?
1
Let y = 387 - 384. Let c be 1/(-2)*60/(-1). Calculate the greatest common divisor of c and y.
3
Let w = 304 - 299. Calculate the highest common factor of 115 and w.
5
Suppose -5*i + 0*i = -400. Suppose -9*c + c = -40. Let o be (20/1)/(3 + c + -7). What is the highest common divisor of o and i?
20
Let j = -464 + 487. Calculate the greatest common divisor of 736 and j.
23
Suppose 9*f + 4*s = 13*f - 172, 2*f - 79 = -5*s. Calculate the highest common divisor of 154 and f.
14
Let j = 276 + 1299. What is the highest common divisor of j and 75?
75
Suppose -3*h = h + 24. Let d(v) = -v - 3. Let c be d(h). Suppose -a + c*a - 2 = 0. Calculate the greatest common factor of 5 and a.
1
Suppose 86 = 3*i - 19. Let t(o) = -o**3 + 19*o**2 + 3*o - 22. Let g be t(19). Calculate the greatest common factor of i and g.
35
Let t be (3/((-6)/(-178)))/((-8)/(-8)). Calculate the greatest common factor of t and 445.
89
Let k be (6/(-4))/((-37)/888). Calculate the highest common factor of k and 156.
12
Suppose 4*c = 7*c - 3*q - 9, -3*q = -c + 5. Let l(p) = 3*p**3 - 3*p**c - 10*p + 7*p + p**2 + 3. Let i be l(2). Calculate the highest common divisor of 13 and i.
13
Let h be (-556)/(-5) - (-564)/705. What is the greatest common factor of h and 28?
28
Let h = -38 - -152. What is the greatest common factor of 12 and h?
6
Suppose 0 = 16*a - 33*a - 17. Let c = 227 - 32. Let s be a/(-2) - c/(-6). Calculate the highest common divisor of s and 11.
11
Let f(d) = -d**2 + 13*d + 6. Let q be f(5). Suppose q = z + z. Calculate the greatest common divisor of z and 23.
23
Let m be (-1)/(8/(-12))*(-272)/(-6). Let g = m + 12. What is the highest common divisor of 32 and g?
16
Let h = 438 - 399. Let k be 13*(-1)/2*-2. Calculate the greatest common factor of h and k.
13
Let a(t) = -3*t - 16. Let w = 15 + -22. Let d be a(w). Suppose 33 = p + 3*p + d*q, p + 5*q - 27 = 0. Calculate the greatest common factor of p and 8.
2
Suppose 0 = -5*d + 160 + 120. What is the greatest common divisor of 42 and d?
14
Let y be 5 + 131/2 - 1/2. Let w = y - 32. What is the highest common divisor of w and 304?
38
Let m be 8/(12/(-3))*3. Let b(i) = -35*i + 14. Let j be b(m). What is the highest common factor of 32 and j?
32
Suppose 15 = -3*h, -4*k + 4*h = -6*k - 18. Let p be (4/(-2))/(2/(-4)). Calculate the greatest common factor of k and p.
1
Let s be (-83 - -71)/(2/8*-3). What is the highest common factor of s and 256?
16
Let w = 9 + 74. Suppose 0 = 4*v - 0*v + 4*t - 156, -2*v - t + w = 0. What is the greatest common factor of v and 4?
4
Suppose 27*u - 2*c - 6 = 25*u, -5 = -u + 2*c. What is the highest common divisor of 25 and u?
1
Suppose 14*l - 10*l + 4*c = 20, -2*l = -3*c. Suppose -2*a = 6, 0 = -o + l*a + a + 102. What is the highest common divisor of 18 and o?
18
Let y(a) = a**3 + 57*a**2 - a + 55. Let n be y(-57). What is the greatest common divisor of n and 176?
16
Let x be 93*(-3)/6*(-9 + 7). Calculate the highest common factor of x and 3.
3
Let z be (-10)/(-4) - (-1)/2. Suppose 0 = -5*j - i + 44 + 3, 0 = i + 3. Let o be (0 + (-2 - j))*-1. Calculate the greatest common factor of o and z.
3
Let q be (-4 + -2 + 0)*-2. Let y = q - 4. Let n(o) = 73*o**2 - 4*o + 3. Let v be n(1). What is the greatest common factor of y and v?
8
Let d = 48 - 34. Suppose -250 = -16*w + d*w. What is the highest common factor of w and 25?
25
Let f(x) = -x**2 - 4*x + 36. Let b = 32 - 40. Let t be f(b). Calculate the greatest common factor of t and 3.
1
Suppose 0 = 4*g + 5*x - 223, 198 = 3*g - x + 26. What is the greatest common factor of g and 665?
19
Suppose g = -2 + 4. Let w be 12*-2*(3/2 - g). What is the greatest common factor of w and 228?
12
Suppose h + 4*g = 19, 0 = -4*h - h - 5*g + 125. Calculate the greatest common divisor of 675 and h.
27
Suppose 5*a + 3*v - 67 = 0, 72 = -0*a + 5*a - 2*v. What is the greatest common factor of 4 and a?
2
Let q(i) = 23*i + 800. Let f be q(27). What is the highest common factor of f and 49?
49
Let p(f) = -6*f. Let g be p(7). Let h = g - -157. Let d = -96 - -119. What is the greatest common divisor of d and h?
23
Suppose -5*v + 5*t = -585, 2*v - 239 = 3*t - 0*t. Calculate the greatest common factor of v and 176.
16
Suppose -214*p + 221*p - 966 = 0. What is the highest common factor of 184 and p?
46
Let t be ((-88)/(-3))/(6/27). Let r = t + -90. Let q(n) = -n**3 + 10*n**2 - 14*n - 2. Let x be q(8). Calculate the greatest common factor of x and r.
14
Let p = -584 + 1214. What is the greatest common factor of 60 and p?
30
Let k = -478 + 786. What is the highest common factor of 7 and k?
7
Let b be 143 + 8*(-8)/(6 + 2). Suppose 45 = 3*w - 0*w. What is the highest common factor of b and w?
15
Suppose -8*l + 2*l = -24. Let r(z) = 3*z**2 - 2*z. Let m be r(l). Suppose 7*h - 12*h = -m. What is the greatest common divisor of 56 and h?
8
Let n be -15 + 15 + -21 + 1. Let a be (-230)/n - (-2)/4. Calculate the highest common divisor of 30 and a.
6
Suppose -2*a + 8 = -0*a. Suppose -n + 2*n = -4*p + 80, 2*p + 5*n - 40 = 0. Calculate the greatest common factor of a and p.
4
Let w be 6 + 0/(-11 + 5). Let y(r) = -3*r**3 - 4*r**2 + 2*r + 3. Let m be y(-3). What is the greatest common factor of w and m?
6
Let t = 27 + 48. Suppose 28*g = 33*g - t. Calculate the greatest common divisor of g and 75.
15
Suppose 3 = 4*u - 13. Suppose 5 = f, 5*f - u = 2*o + 13. Let v be 5 - (-4 - o)/4. Calculate the highest common factor of 77 and v.
7
Let d = 26 + -18. Suppose 3*c - 3*j - 7 = d, -4*c = -j - 20. Let o be -1 - -36 - (5 - 5). Calculate the highest common factor of c and o.
5
Suppose s = 3*s + 10. Let x(t) = t**2 + 2*t + 4. Let m be x(s). What is the greatest common divisor of m and 19?
19
Let k(i) = -10*i**3 - i**2 + i + 1. Let w be k(-2). What is the highest common factor of w and 325?
25
Let o be 4/16 - 117/(-12). Suppose -5*m + i = 2*i - 170, 2*i = -o. Let p(f) = -f**3 - 6*f**2 + 7. Let n be p(-6). What is the greatest common factor of n and m?
7
Let c be ((-5)/(30/4))/((-12)/(-54)). Let q be -2 - (27/18)/(c/16). Calculate the highest common factor of 66 and q.
6
Let d = 118 + -166. Let p be ((-4)/(-3))/((-4)/d). What is the greatest common divisor of 32 and p?
16
Let q be (-20 - (-6 - 1))*-5. What is the highest common factor of q and 1040?
65
Suppose 19*n + 1392 = 23*n. Calculate the highest common factor of n and 12.
12
Let t(a) = 4*a**3 - 2*a**2 + 5*a - 3. Let x = 0 + 1. Let d be t(x). Let m be 4/(-6)*(-3)/2. Calculate the greatest common factor of m and d.
1
Suppose 18 = 2*o - 42. What is the greatest common factor of o and 80?
10
Let v = 7 - 9. Let m be -12*((-7)/(-4) + v). Suppose h - 16 = -m*h. Calculate the highest common factor of h and 4.
4
Let f(d) = -d**3 - 7*d**2 - 19*d - 3. Let c be f(-7). What is the highest common divisor of 50 and c?
10
Let b = 121 + -110. Calculate the greatest common divisor of 11 and b.
11
Let q be 9/(-2)*(44/(-12) - 3). Calculate the greatest common factor of 40 and q.
10
Suppose 222*j - 17160 = 209*j. What is the highest common divisor of 33 and j?
33
Suppose -3*o - 3 = -6*o, 22 = z + 3*o. Calculate the greatest common factor of z and 152.
19
Suppose 0 = 26*y - 3273 - 6555. Calculate the greatest common factor of y and 270.
54
Let a = -25 + 38. Let b(r) = -r**2 - 39*r - 172. Let v be b(-7). Calculate the highest common divisor of a and v.
13
Let g(u) = -12*u**3 + u**2 + 8*u + 10. Let r be g(-2). Calculate the greatest common divisor of r and 1081.
47
Let l be 6 + 0 + 43 + -38. What is the highest common divisor of 209 and l?
11
Let o = 83 + -56. Suppose 0 = -22*i + o*i - 75. What is the greatest common factor of i and 165?
15
Let n = 0 + -1. Let h = n + 5. Let d(g) = 3*g**3 - 14*g**2 - 9. Let c be d(5). Calculate the greatest common divisor of h and c.
4
Suppose 0 = -1408*v + 1415*v - 1071. Calculate the highest common factor of v and 204.
51
Let p be 2 - 1*8*-1. Let z be ((-12)/(-8) - 1)*p. Let a be ((-3)/9)/((-1)/135). Calculate the highest common factor of a and z.
5
Let v be (1 - 7) + 5 + 10. What is the greatest common factor of v and 153?
